Let m be (-2)/7 - (-30)/7. Let v = b - m. What is the units digit of v?
7
Let s be (-590)/22 + (-8)/44. Let h = 12 + s. What is the units digit of (3 + (-51)/15)*h?
6
Let h(t) = -3*t - 9. Let d(u) = 2*u + 8. Let w(v) = 6*d(v) + 5*h(v). What is the tens digit of w(-4)?
1
Let o = 36 - -28. What is the tens digit of o?
6
Let d(n) be the third derivative of -n**5/60 + 3*n**4/8 - n**3/6 + 6*n**2. What is the units digit of d(6)?
7
Suppose 10 = 8*w - 3*w. Let k(l) = -3 + 3*l + 4*l - 5*l. What is the units digit of k(w)?
1
Suppose 22 = n + 4*g, 18 = n + 4*n - 3*g. Suppose 0 = -n*z + 5*z. Suppose z*y + 10 = 2*y. What is the units digit of y?
5
Let d(k) = -5*k - 1. Suppose -j - 2*j - 6 = 0. What is the units digit of d(j)?
9
Let p = 518 - 250. What is the hundreds digit of p?
2
What is the tens digit of -5*((-936)/30 + 2)?
4
Let p be -2*1/2*-3. Let y = p + 1. Suppose -4*q - y*f = -0*f - 32, 0 = -5*q - f + 60. What is the units digit of q?
3
Let h be 18/6 + (1 - 1). Suppose -2*x + h*k = -6*x + 6, 2*k = -5*x + 11. Suppose -x*c + 4*i + 2 = 0, -c - i + 3 + 0 = 0. What is the units digit of c?
2
Let i be 26/(-39)*3/(-2). What is the tens digit of i/((6/25)/6)?
2
Suppose -8*p + 117 = -51. What is the tens digit of p?
2
Let d(q) = q**3 - q + 1. Suppose -k + 4*k = 0. What is the units digit of d(k)?
1
Let d(c) = -2*c - 3. Let z be d(-2). Suppose -26 = -5*i - z. Suppose -p - 12 = -i*p. What is the units digit of p?
3
What is the tens digit of ((-972)/8)/(-9)*6?
8
Suppose -8*n + 4*n = 5*x - 35, -28 = -4*x - n. Let o(q) = -q**3 + 7*q**2 + 2*q - 10. Let m be o(x). Suppose 0*v + m*v - 44 = 0. What is the units digit of v?
1
Let w be -3*(-1)/3 + 2. Suppose -w*j = 2*j - 45. What is the units digit of j?
9
Suppose 9*f - f = 528. What is the units digit of f?
6
Let p = 6 - 4. Suppose 48 = w + 9. Suppose 5*r + w = p*u, -r + 33 = u + u. What is the units digit of u?
7
Suppose 5*n = n + 112. What is the tens digit of n?
2
Let z = 17 - 17. Let d(m) = m + 23. What is the units digit of d(z)?
3
Suppose -4*u = 3*k - 1409, -k - 258 = -3*u + 789. What is the units digit of u?
0
Suppose i + 9 = 2*h, 2*i - 5*h - 14 = -37. Let p be (i + -7)/((-9)/(-12)). Let w = -4 - p. What is the units digit of w?
4
Let k be -8 + 8 - 16/(-2). Suppose 4*o = 2*z + 52, -2*o = -3*o - 2*z + k. What is the tens digit of o?
1
Let o = -2 - -20. What is the tens digit of o?
1
Let l = -21 - -90. What is the units digit of l?
9
Let l = 6 - -1. Let p = l + 17. What is the tens digit of p?
2
Suppose 0 = 2*q - 26 - 32. What is the units digit of q?
9
Let w = 155 + -67. What is the tens digit of w?
8
Let b(s) = s**3 - 24*s**2 + 26*s - 6. What is the tens digit of b(23)?
6
Let i(s) = -s**3 + 8*s**2 - 9*s + 7. Let u be (4/(-6))/((-2)/18). Let l be i(u). What is the units digit of (-5)/(-2)*90/l?
9
Let v be 18/10*90/27. Suppose -p + 71 = 3*t, v*p = -t + 3*p + 29. What is the tens digit of t?
2
Let l = 36 - 6. What is the units digit of l?
0
Let q = 32 - -2. What is the units digit of q?
4
What is the units digit of 1/((-4)/8)*-5?
0
Suppose -3*j - 3*x = -147, -4*j - 4*x = -3*x - 202. What is the tens digit of j?
5
Let y be (-1)/((-3)/6 + 0). Suppose -4*f - h + 67 = 0, -y*h + 33 - 120 = -5*f. What is the units digit of f?
7
Let z(y) be the first derivative of -y**4/2 - 4*y**3/3 - y**2/2 + 2*y + 4. What is the units digit of z(-2)?
4
Suppose g + 1 = -7. Let y = g + 11. Suppose -5*u + y*u = x - 10, x = 2*u - 10. What is the units digit of u?
5
Let w(a) = -13*a**2 - 1. Let d be w(-1). Let c = 12 + 12. Let s = d + c. What is the tens digit of s?
1
Suppose 3*t + 0 - 30 = 0. Suppose -m - 4*z + t = -6*m, 5*m - 20 = -2*z. What is the units digit of m?
2
Suppose -2*q = -2*v + 93 + 3, -42 = -v - q. What is the tens digit of v?
4
Suppose 4*c - 39 - 17 = 0. What is the units digit of c?
4
Let h = 9 + -6. Suppose p - z = 3, -h*p + 8*p = -2*z + 1. What is the units digit of p?
1
Let f(j) = -8*j + 2. Let a be f(3). Let c = -15 - a. Suppose -3*s = -2*h - c*s, -2*s = 4*h - 12. What is the units digit of h?
4
Suppose 4*g - g = 9. Let b be (-2)/g + (-4)/12. What is the units digit of (-11)/b + (0 - -1)?
2
Let b(z) = -z**3 - 2*z**2 + 17*z - 1. Let p(g) = -3*g**3 - 7*g**2 + 50*g - 2. Let w(r) = 17*b(r) - 6*p(r). What is the units digit of w(-9)?
3
Let a = -8 - -10. Suppose -4*k = a*x, -x + k - 14 = -5*x. Suppose 1 - 9 = -x*o, -24 = -2*u - o. What is the units digit of u?
1
Suppose q + 0*q = 1. What is the units digit of (-18)/12*(q - 3)?
3
Let c be 9 - -5 - 1*2. Suppose 3*r - c = -p, 5*r - 24 = -p - p. What is the units digit of p?
2
Let d(l) be the third derivative of -l**6/120 + 13*l**5/60 - l**4/2 - 5*l**3/2 - 2*l**2. Let b be d(12). What is the tens digit of b/((0 - 2)/2)?
1
Let k be (9/12)/((-2)/(-8)). Let g(c) = -c**3 + 4*c**2 - 4*c + 2. Let r be g(k). What is the units digit of -1*3 - r - -4?
2
Let f(o) = -14*o**3 + o. Suppose -4*i = 5*s + 1 - 7, 0 = -3*i - 4*s + 5. What is the units digit of f(i)?
3
What is the tens digit of 1976/24 + 2/(-6)?
8
Let o(v) = v**2 - 6*v + 1. Let t(z) = -2*z**2 + 12*z - 2. Let g(f) = -5*o(f) - 2*t(f). What is the units digit of g(3)?
8
Let c(q) = q - 4. Let s be c(0). What is the units digit of (-3)/s*(31 - -1)?
4
Let g(x) = -x**3 + 5*x**2 + 4*x - 7. Let k be g(6). Let l = k + 32. What is the units digit of l?
3
Let x(v) = v**3 + 7*v**2 + 5*v + 2. Let y be x(-7). Let q = y + 60. What is the tens digit of q?
2
Suppose 2*r = 5*r + 5*s - 21, 5*s - 19 = -2*r. Suppose u + 0*u - 5 = 0. Suppose -u*i - 15 = -r*h - 61, i = -4*h - 4. What is the units digit of i?
8
Let y = 142 + 19. What is the tens digit of y?
6
What is the tens digit of 1 + 292/16 - (-3)/4?
2
Let a(h) = -3*h**2 - 8*h - 1. Let p(v) = -2*v**2 - 7*v - 1. Let r(w) = -4*a(w) + 5*p(w). What is the units digit of r(3)?
8
Suppose -2*f + 4*f = 3*w + 6, -6 = -4*w - 2*f. Suppose -4*d = -n - 1, -n + 3*d = -0*d. Let l = w + n. What is the units digit of l?
3
Let l = 3 - -1. What is the units digit of (-13 + -1)*(-5 + l)?
4
Let q = -202 - -295. What is the tens digit of q?
9
Let n be (-8)/3*18/(-8). What is the units digit of (3/n)/((-3)/(-6))?
1
Let b(f) = 2*f**2 - f + 1. What is the tens digit of b(4)?
2
Let l(t) = 3*t - 5. Suppose -2 = -4*n + 30. What is the units digit of l(n)?
9
Let a(k) = -2*k + 23. Let m be a(10). Suppose 257 = 4*d - 5*r + 60, -2*r - 139 = -m*d. What is the tens digit of d?
4
Suppose 2*k = 6*k - 112. Suppose -k = -w - 6*w. What is the units digit of w?
4
Suppose -2*i + 3 = i. Suppose h + 2*k = 13, 2*h - 7 = 2*k + i. Let l(b) = b**2 - 7*b + 5. What is the units digit of l(h)?
5
Let y(h) = -1 + 2*h + 4*h - 2*h - 1. What is the units digit of y(4)?
4
Let r(x) = 2*x - 8. Let k be r(11). Let q = k + -3. What is the units digit of q?
1
Let w(z) = z + 19. Suppose r = 2*n + 18, 5*n + 0*n + 42 = 4*r. What is the units digit of w(n)?
9
Suppose -2 - 3 = -b. What is the units digit of b?
5
Suppose t = 17 + 144. What is the hundreds digit of t?
1
Let b = -19 + 35. What is the units digit of b?
6
Suppose 159 = 5*n - 261. What is the units digit of n?
4
Suppose 3*q - 48 = 129. What is the tens digit of q?
5
Suppose -21*w = -25*w + 356. What is the units digit of w?
9
Let b = 54 - 29. Suppose 5*j + o - 6*o = b, -5*j - 5*o - 5 = 0. Suppose j*m - 18 = -m. What is the units digit of m?
6
Let t be 10 - 13 - (1 + -7). Suppose -103 = -4*x + t*f, 0 = 2*x + x - 3*f - 75. Suppose r + 3*r = x. What is the units digit of r?
7
Suppose -3*d - 49 = -5*u, 0 = -2*d + 3*u - 12 - 19. Let b be (-4)/d + (-18)/(-4). Let m(p) = -p**2 + 7*p - 6. What is the units digit of m(b)?
4
Let i(f) be the first derivative of -f**3/6 + 7*f**2/2 + f - 1. Let y(m) be the first derivative of i(m). What is the tens digit of y(-5)?
1
Let s be 5/3 - (-6)/18. Suppose -o = -3*z + z + 27, -5*z + s*o = -66. What is the units digit of (5 + -1)*39/z?
3
Suppose 0 = -5*m - 17 - 33. Let w = 15 + m. What is the units digit of w?
5
Suppose 2 + 18 = 4*h. Let f be 4 + -2 + 1 + -1. Suppose -f*y = 4*q - 4, 16 = h*q - q - y. What is the units digit of q?
3
Let t(o) = -o**3 + 4*o**2 + 4*o + 6. Let r be t(5). Suppose 7 = 2*a + r. What is the units digit of a?
3
Suppose -2*i = 5*q + i - 186, 5*q - 183 = -4*i. What is the units digit of q?
9
Suppose -4*v + 20 = -0*v. What is the units digit of v?
5
S